it of 247217865?
6
What is the thousands digit of 1107509872?
9
What is the hundred thousands digit of 7865359?
8
What is the tens digit of 695034586?
8
What is the hundred thousands digit of 16890242?
8
What is the units digit of 48782580?
0
What is the millions digit of 312793629?
2
What is the tens digit of 867934788?
8
What is the ten millions digit of 48530673?
4
What is the hundred thousands digit of 103255893?
2
What is the millions digit of 7838677046?
8
What is the hundred millions digit of 577994893?
5
What is the hundreds digit of 176425324?
3
What is the units digit of 2782343358?
8
What is the billions digit of 1139529789?
1
What is the millions digit of 248449247?
8
What is the tens digit of 6208393319?
1
What is the hundred millions digit of 285177396?
2
What is the ten millions digit of 27142852?
2
What is the thousands digit of 21884056?
4
What is the units digit of 2460846773?
3
What is the hundred thousands digit of 507544047?
5
What is the millions digit of 642239297?
2
What is the ten millions digit of 2024458104?
2
What is the hundred thousands digit of 490554376?
5
What is the thousands digit of 66490088?
0
What is the ten thousands digit of 129219016?
1
What is the hundred thousands digit of 115157545?
1
What is the tens digit of 343770921?
2
What is the hundred millions digit of 159125166?
1
What is the thousands digit of 2683304114?
4
What is the hundred thousands digit of 86513374?
5
What is the tens digit of 48285995?
9
What is the thousands digit of 290467055?
7
What is the ten millions digit of 35510720?
3
What is the hundreds digit of 21673503?
5
What is the hundreds digit of 533659520?
5
What is the millions digit of 71920778?
1
What is the thousands digit of 4236617599?
7
What is the hundred thousands digit of 460500892?
5
What is the ten thousands digit of 4190276240?
7
What is the millions digit of 81952537?
1
What is the tens digit of 41945661?
6
What is the ten thousands digit of 657588339?
8
What is the hundreds digit of 3072985406?
4
What is the thousands digit of 117313521?
3
What is the millions digit of 6342591906?
2
What is the millions digit of 86824697?
6
What is the units digit of 29673649?
9
What is the millions digit of 146780740?
6
What is the ten thousands digit of 1043032752?
3
What is the tens digit of 2501033028?
2
What is the ten thousands digit of 235645669?
4
What is the hundreds digit of 576751449?
4
What is the thousands digit of 91438798?
8
What is the hundreds digit of 4893874192?
1
What is the millions digit of 401702625?
1
What is the units digit of 556324389?
9
What is the ten millions digit of 127239612?
2
What is the tens digit of 123163581?
8
What is the hundred thousands digit of 113965410?
9
What is the hundred thousands digit of 325492305?
4
What is the tens digit of 3769581017?
1
What is the hundreds digit of 360652345?
3
What is the tens digit of 2688207420?
2
What is the ten millions digit of 10127264?
1
What is the units digit of 61135494?
4
What is the hundred millions digit of 328736530?
3
What is the hundreds digit of 2647543409?
4
What is the hundred thousands digit of 76577431?
5
What is the units digit of 135637011?
1
What is the thousands digit of 2184606051?
6
What is the thousands digit of 345532169?
2
What is the thousands digit of 356986624?
6
What is the millions digit of 1650812865?
0
What is the hundred thousands digit of 5505078071?
0
What is the thousands digit of 99423269?
3
What is the hundred thousands digit of 585285858?
2
What is the millions digit of 43583546?
3
What is the hundred thousands digit of 609562801?
5
What is the units digit of 9181726327?
7
What is the units digit of 64781266?
6
What is the billions digit of 1174526152?
1
What is the ten thousands digit of 45373038?
7
What is the ten millions digit of 1887744092?
8
What is the units digit of 56814181?
1
What is the units digit of 22748814?
4
What is the units digit of 192012821?
1
What is the millions digit of 507748953?
7
What is the hundreds digit of 43661086?
0
What is the ten thousands digit of 1137099329?
9
What is the millions digit of 184119371?
4
What is the ten thousands digit of 28535453?
3
What is the tens digit of 234840477?
7
What is the tens digit of 1057450882?
8
What is the units digit of 1057679881?
1
What is the ten millions digit of 183794130?
8
What is the millions digit of 53913008?
3
What is the hundreds digit of 110188888?
8
What is the thousands digit of 182369320?
9
What is the hundred millions digit of 385890969?
3
What is the hundreds digit of 647672374?
3
What is the hundreds digit of 71326787?
7
What is the hundred thousands digit of 54445621?
4
What is the ten thousands digit of 111746254?
4
What is the hundreds digit of 3165989457?
4
What is the hundred thousands digit of 470380550?
3
What is the thousands digit of 6376294262?
4
What is the ten thousands digit of 71885351?
8
What is the thousands digit of 8241342836?
2
What is the ten thousands digit of 419375508?
7
What is the thousands digit of 69386899?
6
What is the hundreds digit of 1023417261?
2
What is the tens digit of 22174347?
4
What is the units digit of 1337566395?
5
What is the thousands digit of 7222521051?
1
What is the hundred millions digit of 4172882543?
1
What is the tens digit of 14296341?
4
What is the ten thousands digit of 5212572591?
7
What is the hundred thousands digit of 1957206083?
2
What is the ten millions digit of 238054780?
3
What is the units digit of 4168614893?
3
What is the ten thousands digit of 34406518?
0
What is the ten thousands digit of 1586256798?
5
What is the hundreds digit of 669233671?
6
What is the ten millions digit of 979584186?
7
What is the ten millions digit of 6699556007?
9
What is the ten millions digit of 2862086793?
6
What is the units digit of 39622664?
4
What is the hundred thousands digit of 2491485006?
4
What is the hundreds digit of 61808456?
4
What is the units digit of 160924810?
0
What is the millions digit of 123713114?
3
What is the hundred millions digit of 1311030637?
3
What is the millions digit of 694668204?
4
What is the units digit of 861085366?
6
What is the ten millions digit of 36742417?
3
What is the hundreds digit of 63609640?
6
What is the ten millions digit of 448890483?
4
What is the thousands digit of 7710153645?
3
What is the hundred millions digit of 101477135?
1
What is the tens digit of 41309981?
8
What is the hundred thousands digit of 558985934?
9
What is the millions digit of 136637276?
6
What is the ten millions digit of 35635316?
3
What is the units digit of 30895679?
9
What is the ten thousands digit of 16552988?
5
What is the tens digit of 294213859?
5
What is the hundred millions digit of 167691186?
1
What is the ten thousands digit of 28587980?
8
What is the units digit of 442419953?
3
What is the millions digit of 65521932?
5
What is the tens digit of 419082336?
3
What is the millions digit of 114086967?
4
What is the tens digit of 109712372?
7
What is the hundred millions digit of 136583935?
1
What is the thousands digit of 37202618?
2
What is the tens digit of 1737907822?
2
What is the tens digit of 125345346?
4
What is the hundred thousands digit of 32248991?
2
What is the millions digit of 371256897?
1
What is the hundred thousands digit of 10692951?
6
What is the tens digit of 1055868284?
8
What is the millions digit of 42434460?
2
What is the hundred thousands digit of 66983053?
9
What is the ten millions digit of 39912394?
3
What is the hundred millions digit of 200333681?
2
What is the thousands digit of 5338827?
8
What is the hundred millions digit of 363446482?
3
What is the tens digit of 37335067?
6
What is the hundred thousands digit of 71665776?
6
What is the millions digit of 64932189?
4
What is the hundred millions digit of 1615771279?
6
What is the hundreds digit of 51809369?
3
What is the ten thousands digit of 215563012?
6
What is the units digit of 604558087?
7
What is the thousands digit of 32728569?
8
What is the units digit of 10720813?
3
What is the ten thousands digit of 162567794?
6
What is the thousands digit of 693877994?
7
What is the thousands digit of 57005174?
5
What is the ten millions digit of 609120328?
0
What is the tens digit of 5958287?
8
What is the millions digit of 228